t of 11345?
3
What is the units digit of 1093?
3
What is the hundreds digit of 48995?
9
What is the tens digit of 1498?
9
What is the units digit of 18713?
3
What is the hundreds digit of 4558?
5
What is the tens digit of 16702?
0
What is the tens digit of 24739?
3
What is the units digit of 4339?
9
What is the tens digit of 75949?
4
What is the units digit of 18960?
0
What is the units digit of 494?
4
What is the hundreds digit of 9928?
9
What is the hundreds digit of 14339?
3
What is the units digit of 31155?
5
What is the thousands digit of 1500?
1
What is the units digit of 3070?
0
What is the tens digit of 102397?
9
What is the thousands digit of 4866?
4
What is the hundreds digit of 744?
7
What is the units digit of 110411?
1
What is the hundreds digit of 1990?
9
What is the thousands digit of 1719?
1
What is the tens digit of 1354?
5
What is the tens digit of 208?
0
What is the tens digit of 3390?
9
What is the ten thousands digit of 21225?
2
What is the units digit of 406?
6
What is the tens digit of 2502?
0
What is the thousands digit of 2319?
2
What is the thousands digit of 18055?
8
What is the ten thousands digit of 30172?
3
What is the thousands digit of 7504?
7
What is the tens digit of 7395?
9
What is the thousands digit of 1033?
1
What is the units digit of 14192?
2
What is the hundreds digit of 6060?
0
What is the units digit of 625?
5
What is the thousands digit of 1554?
1
What is the tens digit of 1223?
2
What is the hundreds digit of 17645?
6
What is the units digit of 973?
3
What is the thousands digit of 11768?
1
What is the tens digit of 5538?
3
What is the thousands digit of 38127?
8
What is the tens digit of 7260?
6
What is the thousands digit of 5151?
5
What is the units digit of 14164?
4
What is the hundreds digit of 44059?
0
What is the hundreds digit of 713?
7
What is the tens digit of 15841?
4
What is the thousands digit of 37052?
7
What is the thousands digit of 13484?
3
What is the thousands digit of 34574?
4
What is the units digit of 3002?
2
What is the hundreds digit of 20477?
4
What is the thousands digit of 111905?
1
What is the units digit of 7789?
9
What is the thousands digit of 2861?
2
What is the tens digit of 2172?
7
What is the ten thousands digit of 21110?
2
What is the ten thousands digit of 16475?
1
What is the tens digit of 1412?
1
What is the thousands digit of 8972?
8
What is the thousands digit of 27272?
7
What is the units digit of 908?
8
What is the units digit of 7838?
8
What is the hundreds digit of 4931?
9
What is the hundreds digit of 47214?
2
What is the units digit of 70841?
1
What is the hundreds digit of 29434?
4
What is the units digit of 24393?
3
What is the tens digit of 47112?
1
What is the hundreds digit of 2927?
9
What is the tens digit of 9996?
9
What is the thousands digit of 2822?
2
What is the thousands digit of 88175?
8
What is the thousands digit of 25161?
5
What is the thousands digit of 10703?
0
What is the ten thousands digit of 46156?
4
What is the thousands digit of 3167?
3
What is the tens digit of 357?
5
What is the tens digit of 4517?
1
What is the tens digit of 19395?
9
What is the ten thousands digit of 28078?
2
What is the thousands digit of 1982?
1
What is the thousands digit of 4650?
4
What is the tens digit of 5681?
8
What is the units digit of 1145?
5
What is the tens digit of 1531?
3
What is the thousands digit of 3388?
3
What is the tens digit of 4983?
8
What is the hundreds digit of 51194?
1
What is the thousands digit of 1473?
1
What is the tens digit of 4240?
4
What is the hundreds digit of 47995?
9
What is the tens digit of 1512?
1
What is the tens digit of 9874?
7
What is the tens digit of 5917?
1
What is the hundreds digit of 1589?
5
What is the hundreds digit of 4250?
2
What is the units digit of 83185?
5
What is the hundreds digit of 813?
8
What is the tens digit of 15015?
1
What is the thousands digit of 23392?
3
What is the units digit of 2193?
3
What is the units digit of 3887?
7
What is the units digit of 1255?
5
What is the ten thousands digit of 24749?
2
What is the hundreds digit of 29700?
7
What is the units digit of 158?
8
What is the tens digit of 7554?
5
What is the hundreds digit of 433?
4
What is the tens digit of 23255?
5
What is the thousands digit of 33865?
3
What is the tens digit of 22731?
3
What is the thousands digit of 36878?
6
What is the hundreds digit of 228?
2
What is the units digit of 948?
8
What is the thousands digit of 104688?
4
What is the hundreds digit of 58289?
2
What is the hundreds digit of 9069?
0
What is the tens digit of 2034?
3
What is the units digit of 476?
6
What is the units digit of 49?
9
What is the ten thousands digit of 12359?
1
What is the tens digit of 7166?
6
What is the units digit of 24411?
1
What is the hundreds digit of 5266?
2
What is the ten thousands digit of 139389?
3
What is the tens digit of 73513?
1
What is the units digit of 57?
7
What is the tens digit of 34664?
6
What is the units digit of 67710?
0
What is the tens digit of 9074?
7
What is the units digit of 255?
5
What is the units digit of 146952?
2
What is the hundred thousands digit of 123074?
1
What is the hundreds digit of 5533?
5
What is the tens digit of 79673?
7
What is the hundreds digit of 126509?
5
What is the units digit of 16933?
3
What is the units digit of 1225?
5
What is the hundreds digit of 1077?
0
What is the units digit of 196?
6
What is the hundreds digit of 2668?
6
What is the thousands digit of 65945?
5
What is the hundreds digit of 999?
9
What is the tens digit of 1144?
4
What is the tens digit of 69181?
8
What is the tens digit of 11729?
2
What is the tens digit of 7904?
0
What is the thousands digit of 1371?
1
What is the tens digit of 1225?
2
What is the thousands digit of 1041?
1
What is the tens digit of 789?
8
What is the hundreds digit of 12092?
0
What is the hundreds digit of 583?
5
What is the hundreds digit of 829?
8
What is the tens digit of 561?
6
What is the thousands digit of 8696?
8
What is the units digit of 11303?
3
What is the hundreds digit of 174?
1
What is the units digit of 5453?
3
What is the tens digit of 101208?
0
What is the thousands digit of 1535?
1
What is the thousands digit of 11662?
1
What is the hundreds digit of 31285?
2
What is the units digit of 630?
0
What is the hundreds digit of 9914?
9
What is the hundreds digit of 6320?
3
What is the hundreds digit of 113521?
5
What is the thousands digit of 6018?
6
What is the thousands digit of 5081?
5
What is the units digit of 1294?
4
What is the hundreds digit of 5714?
7
What is the hundreds digit of 16557?
5
What is the hundreds digit of 2385?
3
What is the tens digit of 30456?
5
What is the thousands digit of 5210?
5
What is the units digit of 6863?
3
What is the ten thousands digit of 12102?
1
What is the units digit of 3130?
0
What is the tens digit of 9845?
4
What is the hundreds digit of 41360?
3
What is the units digit of 930?
0
What is the units digit of 1289?
9
What is the ten thousands digit of 23697?
2
What is the hundreds digit of 40275?
2
What is the units digit of 19273?
3
What is the hundreds digit of 211?
2
What is the hundreds digit of 10125?
1
What is the thousands digit of 121704?
1
What is the tens digit of 1430?
3
What is the hundreds digit of 3140?
1
What is the tens digit of 7410?
1
What is the thousands digit of 1278?
1
What is the hundreds digit of 882?
8
What is the tens digit of 2621?
2
What is the units digit of 1220?
0
What is the thousands digit of 4287?
4
What is the tens digit of 2227?
2
What is the ten thousands digit of 87133?
8
What is the units digit of 1624?
4
What is the thousands digit of 1325?
1
What is the tens digit of 100864?
6
What is the tens digit of 76612?
1
What is the units digit of 6065?
5
What is the tens digit of 11347?
4
What is the tens digit of 10609?
0
What is the tens digit of 9963?
6
What is the hundreds digit of 1737?
7
What is the thousands digit of 6091?
6
What is the units digit of 2858?
8
What is the units digit of 45617?
7
What is the units digit of 3658?
8
What is the thousands digit of 6570?
6
What is the units digit of 693?
3
What is the hundreds digit of 1679?
6
What is the units digit of 55193?
3
What is the ten thousands digit of 142782?
4
What is the thous